*b - 24*b + 19*b + 165867. Calculate the remainder when b is divided by 224.
221
Suppose -n - a + 245 = 0, n + 45*a - 48*a = 225. What is the remainder when 482 is divided by n?
2
Let j(v) = -139*v + 4. Let a be j(-2). Suppose a = 8*c - 142. Suppose x - 4*x = -33. Calculate the remainder when c is divided by x.
9
Suppose 5*k - 333 = -4*j, k = 2*j - 13 + 74. Calculate the remainder when 372 is divided by k.
47
Suppose -4*z + 18 = -z. Let p be (-1 + -3)/((-1 - 3)/8). Calculate the remainder when 77 is divided by p/(5*z/60).
13
Let i be (-986)/(-2) + (5 - (0 + 7)). Let r = 507 - i. Suppose -v + 27 = 2*v. Calculate the remainder when r is divided by v.
7
Calculate the remainder when 335 is divided by (-16 + 20 - -51) + 17.
47
Suppose 3*d - 70 = 236. Suppose -29*y = -36*y + 243*y - 1888. Calculate the remainder when d is divided by y.
6
Let q(i) = -106*i + 715. Calculate the remainder when 744 is divided by q(5).
4
Let h(l) = l**2 + 4*l - 5. Let p be h(7). Suppose 12*s - p = 10*s. What is the remainder when 141 is divided by s?
33
Let l = -40 + 54. Suppose -l*v + 1183 = -497. Suppose -124*g + 80 = -v*g. What is the remainder when g is divided by 6?
2
Suppose -k = 129 + 413. Let b = -361 - k. Suppose -4*j + 78 + 106 = 0. Calculate the remainder when b is divided by j.
43
What is the remainder when 1282 is divided by (2990/(-1610))/(2/(-154))?
138
What is the remainder when 716/4 - (0 - 9) is divided by 90?
8
What is the remainder when (571 - 568)*5*62 is divided by 308?
6
Let u = 70 - 69. Let l be 15/30*(2 + (-2)/u). Let c(z) = 5*z + 208. Calculate the remainder when c(l) is divided by 15.
13
Suppose -8329 - 407 = -154*g - 28*g. What is the remainder when g is divided by ((-10)/6)/((-1)/6)?
8
Suppose 5*x - 24 - 41 = 0. Suppose -148 = 26*l - 63*l. Suppose 0 = 5*a + w - 246, -2*a - a + 134 = l*w. What is the remainder when a is divided by x?
11
Suppose 366*q - 370*q + 8 = 0. Suppose q*x + 5*t + 10 = 0, x - 4*x = t - 11. Calculate the remainder when 43 is divided by x.
3
Suppose -4*f + 130 = -5*o, 2*f = -5*o + 81 - 211. Let l(g) = -g**3 - 26*g**2 - 7*g - 65. Calculate the remainder when l(o) is divided by 41.
35
Suppose -7*u + 4*u = 18. Let p = u + 1. Let s(f) = -f**3 - 4*f**2 + 2*f + 4. What is the remainder when 54 is divided by s(p)?
16
Suppose 4*f = -4*g + 22 + 182, -3*g = 3. Suppose -192 = -12*y - 840. Let t = y - -59. What is the remainder when f is divided by t?
2
Suppose -1938 = 37*b - 94*b. Calculate the remainder when 1699 is divided by b.
33
Let h(z) be the third derivative of -10*z**4/3 + 4*z**3 - 13*z**2. Let n be h(-13). Suppose 1560 = 8*p - n. What is the remainder when p is divided by 47?
46
Let r be (-12 - -1)*(-18)/33. Suppose m = 5*f + r*m + 15, 5*f + m + 19 = 0. Calculate the remainder when 35 is divided by (-24)/(-84) - f/(-14) - -20.
15
Let g(n) = n**2 - 7*n - 36. Let q be g(11). Suppose -609 = -q*i - 1. Calculate the remainder when i is divided by 21.
13
Calculate the remainder when -52*(-16)/384*114 is divided by 28.
23
Suppose -2*j + 18 = -28. Suppose 51*h - j = 50*h. Calculate the remainder when 342 is divided by h.
20
Let t = -12356 - -13115. Calculate the remainder when t is divided by 71.
49
Let p be 10/((-7)/(-50)*12/21). Let d = p + -77. What is the remainder when 138 is divided by d?
42
Let a(p) = 2*p**2 - 4*p + 3. Let q = -7 - -10. What is the remainder when 2070/126 + 20/(-14) is divided by a(q)?
6
Suppose -869*p + 13396 = -728*p + 2539. Calculate the remainder when 790 is divided by p.
20
Let h(a) = -2*a**2 - 11*a - 27. Let w be h(-10). Let t = 115 + w. Calculate the remainder when t*(-50)/(-40)*824/(-10) is divided by 19.
16
Let i = -108 - -152. Suppose -i*z + 49*z = 170. Calculate the remainder when 235 is divided by z.
31
Suppose -27*m - 373 = -886. Let l(f) = 16*f**3 + f**2. Calculate the remainder when l(2) is divided by m.
18
Suppose -5*m + 53 = n - 102, -2*m + 35 = -5*n. Let a be 0 - (2 - 161 - -4). Let d = a - 66. Calculate the remainder when d is divided by m.
29
Let y(f) = -66*f**3 + f**2. Suppose 20075*k - 20169*k + 88078 = 0. What is the remainder when k is divided by y(-1)?
66
Suppose 135 = 3*b - 15. Calculate the remainder when (-111 + -41)*(-1)/2 is divided by b.
26
Suppose -191*a + 6075 = -116*a. Suppose x - 25 = -2. Calculate the remainder when a is divided by x.
12
Let d = 4765 - 4739. What is the remainder when 1143 is divided by d?
25
Let c = -11 - -12. Let u(k) = k + 31. What is the remainder when (c + 0)*(45 + -4) is divided by u(-20)?
8
Suppose -2*l = 3*f - 16, 20 = 6*f - 2*f + 4*l. Suppose -f*m + m + 5*g + 485 = 0, -2*m + 164 = 4*g. Calculate the remainder when m is divided by 12.
8
Calculate the remainder when 982 is divided by -9 - -4 - (-55 + 27).
16
Let f = 53 - 54. Let o be (3/12)/f*2*0. Suppose -6*w = -w, 2*i - w - 14 = o. What is the remainder when 18 is divided by i?
4
What is the remainder when 1804 is divided by 9797/505 + (-21)/15 + 1?
18
Suppose -r - 2573 = -2*p + 26430, -p + 2*r + 14512 = 0. What is the remainder when p is divided by 116?
114
Let h(k) = -24*k + 6. Let z be h(7). Let n = -106 - z. Suppose -5*m - n - 149 = -5*g, 37 = g - 3*m. Calculate the remainder when g is divided by 16.
11
Let b(m) = 479*m + 5469. Calculate the remainder when b(-11) is divided by 30.
20
Suppose 37*o + 703 - 10323 = 0. What is the remainder when o is divided by 142?
118
Let d = -3490 + 3590. Calculate the remainder when 545 is divided by d.
45
Let s be (10/6)/((-2)/((-504)/4)). Suppose 202 = 4*c - 2*k, -s = -2*c + 3*k + 2. Calculate the remainder when 94 is divided by c.
45
Let k(t) = -13*t**2 + t - 20*t**2 - 2 + 4*t + 34*t**2. Let i be k(-6). Suppose -i*y + 40 = -0*y. What is the remainder when 29 is divided by y?
9
Suppose -980 = -52*w + 42*w. Calculate the remainder when 201 is divided by w.
5
Suppose 0*k = 6*k - 12. Let r(b) = 3*b - 51. Let p be r(19). Calculate the remainder when (p/4)/((-122)/64 - -2) is divided by k.
0
Let v be -4*(-3)/48 + 1323/(-12). Calculate the remainder when 23 is divided by (v/35)/(4/(-14)).
1
Let n be (-15531)/(-62) - (-6)/(-4). Let c(j) = 2*j + 17. Let s be c(-6). Suppose 3*q = s*b + n, -3*b = -b - 6. What is the remainder when q is divided by 31?
26
Let t(j) = -3*j - 7. Let s(g) = -1. Let i(u) = u - 2. Let l(q) = i(q) - 2*s(q). Let x(c) = 6*l(c) - t(c). Calculate the remainder when x(3) is divided by 7.
6
Let k be (-16)/48 + (-26)/(-6). What is the remainder when (1105/68)/(1 - 3/k) is divided by 22?
21
What is the remainder when 3*(-13)/(468/(-5388)) is divided by 30?
29
Let n(k) be the second derivative of 37*k**4/6 - 5*k**3/2 - 15*k**2/2 - 38*k. What is the remainder when n(-1) is divided by 20?
14
Suppose 5*p - 63 = 132. What is the remainder when ((-232)/24 - 12/36) + 164 is divided by p?
37
Let s be 3/((-3)/(-4) - 0). Suppose -s*m = -4*j - 92, 2*m - m = -j + 17. What is the remainder when m is divided by (11/5)/(((-6)/39)/(50/(-65)))?
9
Suppose 196 = 3*b + 2 - 28. Calculate the remainder when b is divided by 1255/25 - (-2)/(-10).
24
Suppose 4*n = -3*z + 151, -2*n + 0*z = -z - 73. Suppose -8 = k - n. What is the remainder when 109 is divided by k?
22
Calculate the remainder when 3023 is divided by 33/(-44)*(-308)/(-21) + 6 + 26.
20
Let n(g) be the third derivative of 2*g**4/3 - 125*g**3/6 - 10*g**2. Calculate the remainder when 90 is divided by n(9).
14
Suppose -r + 1891 = -3*c, r + 7 - 8 = 0. Calculate the remainder when 138 is divided by (c/(-7))/6 - (-1 - 4).
18
Suppose 8*v + 943 = 3*v + 3*r, 183 = -v - 5*r. Let i = v - -255. Calculate the remainder when i is divided by 21.
4
Suppose -18 + 19 = r. Let k be 0/((1 + 2 + -2)*r). What is the remainder when 98 is divided by 3 - k - 1 - -9?
10
Suppose 3*p - 2*h = 6*p - 118, -5*p = h - 199. Let a(z) = 39*z - p + 40*z - 83*z. What is the remainder when 124 is divided by a(-18)?
28
Suppose -5076*m + 5065*m = -7139. What is the remainder when m is divided by 25?
24
Let c be (-6)/((-4)/(-2)) - -93. Suppose 0 = -5*v + 5*j + 530, j - c = -v - 2*j. Let m = 62 + -47. Calculate the remainder when v is divided by m.
12
Suppose -h + 94 = -3*p, -5*h = 13*p - 15*p - 522. Calculate the remainder when 312 is divided by h.
100
Suppose 10*k + 6*k - 2416 = 0. Suppose -6 = -3*d + 6. Calculate the remainder when k is divided by